ate j(-5).
-3
Let v(b) = 2*b**2 + 78*b + 760. Let j be v(-19). Let m(o) = -o**2 + 40. Give m(j).
40
Suppose 2 = 4*z + 2*t, -3*z - 25 = 2*z - 3*t. Let l(q) be the first derivative of 5*q**2/2 + 5*q - 301. What is l(z)?
-5
Let f = 41 - 48. Let r(u) be the third derivative of -u**5/60 - u**4/4 + u**3/2 + 2*u**2 + 31. Give r(f).
-4
Let j(a) = -7*a + 64. Suppose -1269*b - 189 = -1290*b. Calculate j(b).
1
Suppose -22*y + 34*y = 36. Let i(r) = 2 - 19*r + y + 18*r. Give i(5).
0
Let x(d) = -d**2 + 10*d + 56. Let j be 1638/63 - (-210)/(-7). What is x(j)?
0
Let p(y) be the first derivative of 1/2*y**2 + 43 - 1/3*y**3 + 8*y. What is p(0)?
8
Let a(l) be the first derivative of -2*l**3/3 - l + 36. Let s(y) = -5*y**2 - 11*y - 3. Let d(v) = -3*a(v) + s(v). What is d(9)?
-18
Let z be 5*(-2 - 0 - -3). Let j(m) = 2 + z - 2 - 7*m**3 - 2*m - 4. Suppose 0 = -2*s + 2. What is j(s)?
-8
Suppose 148*b - 149*b + 11 = -2*h, 5*b = -3*h - 23. Let x(q) = -q**2 - 4*q + 7. Give x(h).
-5
Let q(y) = -2*y + 11. Let m(c) = -11 + 28 - c - 10 - 4. Let l(p) = 3*m(p) - q(p). Calculate l(-2).
0
Let h(o) = -2*o - 21. Let f be 292/49 - (-22)/539. Determine h(f).
-33
Let b(y) = y**2 - 4*y - 3. Suppose 0 = -75*l + 78*l + 5*r - 27, -5*r + 23 = 2*l. Suppose 9*v + 13 = 5*c + 5*v, -c + l*v - 7 = 0. Calculate b(c).
2
Let x(k) = 14*k - 3*k**3 - 531 + 274 + 3*k**3 + 262 - k**3. Give x(-3).
-10
Let p = -18 + 21. Let m(t) = -5*t - 3*t**p + 4*t**3 - 9 - 5 + 5 + 5*t**2. Let q(z) = -27*z - 168. Let w be q(-6). What is m(w)?
-15
Let w be (0 - (-5 - -3))*6/4. Let z(i) = 36*i**2 + 2 + i**w - 5*i - 15*i**2 - 17*i**2. What is z(-5)?
2
Let w(l) = -l**2 - 19*l - 78. Let j be (-16541)/1529 - 4/22. Give w(j).
10
Let s(m) = -6*m + 1. Let u(h) = -h**2 - h - 1. Let i(t) = -s(t) + u(t). Let l = -22 + 45. Let b = l + -20. Calculate i(b).
4
Let t(y) = -y**3 - y**2 - 3*y - 46. Let w be -7 + 3 - (43 + -47)*(2 - 1). What is t(w)?
-46
Let q(y) be the first derivative of -8*y**3/3 - 3*y**2/2 - 3*y - 4971. What is q(-2)?
-29
Let d(n) be the third derivative of n**6/120 - 7*n**5/60 + n**4/6 - 7*n**3/6 + 5*n**2 + 3*n. Calculate d(5).
-37
Let f(a) = a**3 - 5*a**2 - 4*a + 9. Suppose 1505 = 2*k + 1495. Determine f(k).
-11
Let m(n) = -4*n**2 - 1. Let l = -70 - -72. Suppose -2*q - 2*z = -2, 10*z + l = 2*q + 5*z. What is m(q)?
-5
Let b(s) be the first derivative of 1/4*s**4 + 40 + s**3 - 3*s - 11/2*s**2. Calculate b(-5).
2
Let i(f) = 6*f - 14. Let x(g) = -3*g + 7. Let n(s) = 2*s**2 + 5*s - 8. Let z be n(-3). Let p(c) = z*x(c) - 2*i(c). Determine p(-6).
-25
Let u(k) = 6 - 12 - 34*k**2 - 783736*k + 783735*k. Calculate u(-2).
-140
Let l(f) = 27*f + 12. Let q be ((-36)/15)/((-120)/100). Calculate l(q).
66
Suppose 36*x - 34*x = 16. Suppose x*a - 3 = 13. Let y(s) = 5*s**3 - s**2. Give y(a).
36
Let c(l) = 72*l**2 - 5*l - 36. Suppose u - 9 = -a - 14, -2*u = -3*a + 30. Let j(d) = -18*d**2 + d + 8. Let k(p) = u*j(p) - 2*c(p). Calculate k(-1).
17
Suppose 4*h = 4, -y = y - h + 13. Let o(l) be the third derivative of 0 + 1/120*l**6 - 1/3*l**4 - l**2 + 1/12*l**5 - l**3 + 8*l. What is o(y)?
6
Let d(j) be the first derivative of j**2/2 - 5*j + 31. Let o be d(10). Let h(f) = -f - 2. Determine h(o).
-7
Let w(x) = x - 25. Let l be (-2 + -30)/(-4) - -6. Calculate w(l).
-11
Let a = 601 - 609. Let b(f) be the second derivative of 0 + 1/12*f**4 + 5*f + 4/3*f**3 + 3/2*f**2. What is b(a)?
3
Suppose z + 5*j - 12 = -0, -5*z = j - 156. Suppose 2*v = z - 10. Let x(b) = -v*b + 0*b**2 - 6*b**2 + 4*b**2 - 19*b**3 + 10*b. Determine x(-1).
18
Let x be (-3)/(-5)*(-10)/(-2). Let q(n) be the second derivative of -n**5/20 + n**4/3 - 3*n**2/2 - 49*n - 14. Determine q(x).
6
Let g(y) = y - 3. Let q be g(3). Let i(u) = -393*u - 418*u + 810*u - 14 - 7. Give i(q).
-21
Suppose q - m + 7 = 0, 158*q - 162*q + 2 = 2*m. Let z(v) = 2*v**2 - 3*v - 4. Let i(d) = -3*d**2 + 4*d + 5. Let g(a) = -3*i(a) - 4*z(a). Determine g(q).
5
Let i(m) = -3*m**2 + 2*m. Suppose 4*c + 20 = 0, -y - y - 3*c = -1. Suppose 6*p + y = 26. Let v be -5 + 6 + 2 - (p - 2). Calculate i(v).
-8
Let h(w) = -w**3 - 3*w**2 - 2*w - 29. Let p be h(-4). Let y(c) = 6*c**2 - 16*c + 5. Let u(n) = -n**2 + 3*n - 1. Let i(s) = p*u(s) - y(s). Calculate i(2).
-2
Suppose -619 = -r - 614. Suppose 7*k + 5 = 4*k + 5*b, -2*k + r*b + 5 = 0. Let c(x) = -x - 4. Determine c(k).
6
Let o(h) be the third derivative of h**6/120 - h**5/60 + h**4/24 + h**3/2 - 3796*h**2 + h. Give o(-2).
-11
Let z = -6 - -7. Suppose -148 + 143 = -l. Let o(t) = 10*t + t**2 - 41 - 12*t + 42 + l*t**3. Give o(z).
5
Let i = 7149 + -7147. Let s(j) be the second derivative of 13*j + 0 + 4*j**i + 4/3*j**3 + 1/12*j**4. Give s(-7).
1
Let n(t) be the first derivative of t**3/3 + 11*t**2/2 + 7*t - 319. What is n(-11)?
7
Let m(s) = 7*s**3 + 13*s**2 + 13*s + 12. Let p(k) = 25*k**3 + 39*k**2 + 39*k + 38. Let r(g) = 7*m(g) - 2*p(g). Determine r(14).
-6
Let x = 1 - 1. Let y be -5 + (-130)/(-18) + (-2)/9. Let i(r) = 12 - 2 + 6*r**y - 7*r**2 + r**3 + r. Give i(x).
10
Let r(x) = -86*x**2 - x + 3 + 94*x**2 + 3*x. What is r(-1)?
9
Let k(b) = -b**2 - 22*b. Let r = 1699 - 1722. What is k(r)?
-23
Suppose -7*k + 62244 = -6139. Let y(l) = 4*l + 9763 - l**2 - k + 3*l**2. Determine y(-4).
10
Let t = -90 + 152. Let f(g) = 1 + t*g**2 + g - 31*g**2 + g + g**3 - 36*g**2. Let s = -58 - -60. What is f(s)?
-7
Let c(u) = -5*u**2 - 1. Suppose -5*l - 2*i + 3965 = 0, 2*l - 5*i - 1605 = -2*i. Suppose -l = 13*s + 2*s. Let j = s - -54. What is c(j)?
-6
Let q(u) = 383 + u**2 - 133 - 244 + 2*u. Determine q(0).
6
Let n(f) = -19*f - 22. Let i(t) = -12*t - 22. Let p(g) = -3*i(g) + 2*n(g). What is p(17)?
-12
Let u(i) = -i**3 - 10*i**2 - 13*i - 40. Let g be u(-9). Let d(f) = -8*f - 10. Let b(a) = -a - 1. Suppose 28 = 3*w - w. Let r(q) = w*b(q) - 2*d(q). Give r(g).
-2
Let m(p) be the third derivative of p**5/12 + 5*p**4/12 - 3*p**3/2 - 11*p**2 + 1. What is m(1)?
6
Let g(h) = 4*h**3 + 18*h**2 + 46*h - 77. Let r(a) = 7*a**3 + 42*a**2 + 94*a - 150. Let z(q) = 11*g(q) - 6*r(q). Calculate z(28).
-3
Let r(l) = l**3 - 3*l - 3. Let b be 10/((-60)/18) + 221. Let d = 216 - b. Give r(d).
-5
Let l(k) = -k**2 - k - 1. Let g(j) = 2*j**2 - j - 2. Let q(v) = g(v) + 3*l(v). Suppose 0 = 385*o + 1320 + 220. Determine q(o).
-5
Suppose -37*u = 33*u - 1750. Let z(b) = -b**2 + 27*b - 61. Calculate z(u).
-11
Let q(j) = 140 + 133 - 2*j**2 - 424 + 132 + 40*j. Give q(20).
-19
Let c = -13 - -19. Suppose 2*p = -c*p - 48. Let q be (20/p*3)/2. Let w(y) = y**3 + 5*y**2 + 2*y - 3. Determine w(q).
-13
Let p(f) be the second derivative of -9/2*f**3 - 1/360*f**6 + 0*f**2 + 0 - 25*f - 1/6*f**4 + 0*f**5. Let i(j) be the second derivative of p(j). Give i(3).
-13
Let s(p) be the third derivative of -p**4/24 + 2*p**3 - 766*p**2. Calculate s(-3).
15
Let k(t) = 9*t**2 + 14*t + 10. Let s(w) = -20*w**2 - 31*w - 22. Let d(z) = -9*k(z) - 4*s(z). Calculate d(0).
-2
Let g(a) = -7*a - 28. Let v(n) = 11*n**2 - 150*n - 60. Let u be v(14). Calculate g(u).
0
Let b(g) = 19*g + 2. Let r = 5037 + -5036. Give b(r).
21
Let l be -1 + 10 + -2 + -9. Let k(o) be the first derivative of -o**4/4 - o**3 - o**2 + o + 1. Determine k(l).
1
Let r be 6 + -1 - (-129)/(5934/(-368)). Let k(q) = -3*q**3 + 2*q**2 - 2*q + 1. Let b(v) = 4*v**3 - 2*v**2 + v - 2. Let m(d) = -4*b(d) - 5*k(d). Give m(r).
-6
Let w be 3/(2 - 8)*4*-2. Let n(s) = -22*s + 17*s + 11*s - 1. Determine n(w).
23
Suppose 0*i = -2*w - i + 4, 8 = -w + 2*i. Suppose w = -0*u - u + 2. Let t(r) = -27*r**2 + 0*r**3 - 7*r - 7 + 19*r**2 + r**3 + 13*r**u. Calculate t(-6).
-1
Suppose 5*i + 2*q + 10 = 0, 15 = 5*i - 3*q - 0. Suppose 2*b = -i*b - 40. Let v be (2 - b/(-7))*7. Let j(g) = -g**2 - 8*g - 5. Calculate j(v).
7
Let i = -2661 - -2659. Let c(l) = l**2 - 3*l - 2. Calculate c(i).
8
Let g(n) be the second derivative of 2*n + 5/2*n**2 + 2/3*n**3 + 0. Suppose 20 = -4*k - 0. Calculate g(k).
-15
Suppose z + 35 = 3*y, 3*y + 25 = 5*y - z. Let f(w) be the third derivative of 0*w - 47*w**2 + 1/12*w**4 + 0 - 13/6*w**3. What is f(y)?
7
Let m(x) = 174*x - 1520. Let t be m(9). Let z(f) = f**3 - 44*f**2 - 89*f - 137. Give z(t).
1
Let s(w) = w - 30. Let d(u) = 58*u + 2921. Let j be d(-50). Determine s(j).
-9
Let w(q) = 11*q**2 - 302 + 0*q**2 + 308 + 2*q**3 - 4*q. Let u be w(-6). Let v(r) = -r - 17*r - 9 + 14*r + 0*r. Determine v(u).
